{"id":100,"date":"2018-11-20T15:44:43","date_gmt":"2018-11-20T14:44:43","guid":{"rendered":"http:\/\/aazchaume.com\/?page_id=100"},"modified":"2018-12-05T17:17:52","modified_gmt":"2018-12-05T16:17:52","slug":"cookies","status":"publish","type":"page","link":"https:\/\/aazchaume.com\/index.php\/toits-en-chaume\/mentions\/politique\/cookies\/","title":{"rendered":"Utilisation Des Cookies"},"content":{"rendered":"<p>AAZ Chaume utilise les cookies afin de vous proposer un service web am\u00e9lior\u00e9 et davantage personnalis\u00e9. \u00c0 travers cette Charte d\u2019utilisation des Cookies, nous vous pr\u00e9sentons comment et pourquoi nous utilisons des cookies sur ce site, en toute transparence.<\/p>\n<h2>Qu\u2019est-ce qu\u2019un cookie et \u00e0 quoi sert-il ?<\/h2>\n<p>Un cookie est un petit fichier texte enregistr\u00e9, et\/ou lu par votre navigateur, sur le disque dur de votre terminal (PC, ordinateur portable ou smartphone, par exemple) et d\u00e9pos\u00e9 par les sites internet que vous visitez. Quasiment tous les sites utilisent des cookies pour bien fonctionner et optimiser leur ergonomie et leurs fonctionnalit\u00e9s.<\/p>\n<p>Les cookies rendent \u00e9galement les interactions avec les sites plus s\u00e9curis\u00e9es et rapides, dans la mesure o\u00f9 ceux-ci peuvent se souvenir de vos pr\u00e9f\u00e9rences , lorsque vous visitez \u00e0 nouveau le site concern\u00e9 \u00e0 partir du m\u00eame terminal.<\/p>\n<p>Selon leur fonction et le but de leur utilisation, les cookies sont class\u00e9s parmi les cat\u00e9gories d\u00e9crites ci-dessous et utilis\u00e9es par AAZ Chaume sur ce site :<\/p>\n<p><strong><em>Les cookies indispensables\u00a0:<\/em><\/strong>\u00a0vous permettent de vous d\u00e9placer sur le site et d\u2019utiliser ses fonctionnalit\u00e9s de base. Ils sont g\u00e9n\u00e9ralement install\u00e9s uniquement en r\u00e9ponse \u00e0 des actions de votre part pour acc\u00e9der \u00e0 des services, tels que la connexion \u00e0 un espace s\u00e9curis\u00e9 de notre site.\u00a0<strong><em>Les cookies de fonctionnalit\u00e9<\/em><\/strong>\u00a0sont utilis\u00e9s pour vous reconna\u00eetre lorsque vous revenez sur le site et \u00a0permettent de vous proposer des fonctionnalit\u00e9s am\u00e9lior\u00e9es et personnalis\u00e9es, comme l\u2019accueil nominatif et l\u2019enregistrement de vos pr\u00e9f\u00e9rences (le choix de votre langue ou votre r\u00e9gion \u00a0par exemple). Ces cookies collectent des informations anonymes et ne peuvent pas tracer vos d\u00e9placements sur d\u2019autres sites.<\/p>\n<p><strong><em>Les cookies d\u2019analyse et de performance<\/em><\/strong>\u00a0: ces cookies \u00a0permettent de reconna\u00eetre et de compter le nombre de visiteurs sur le site et de collecter des informations sur la mani\u00e8re dont le site est utilis\u00e9 (par exemple, quelles sont les pages les plus vues par les visiteurs, , etc.). Cela nous permet d\u2019am\u00e9liorer la fa\u00e7on dont notre site internet fonctionne, par exemple, en nous assurant, que les utilisateurs trouvent facilement ce qu\u2019il cherche.<\/p>\n<p><strong><em>Les cookies publicitaires ou de ciblage<\/em><\/strong>\u00a0enregistrent votre visite sur le site, ainsi que les pages que vous avez consult\u00e9es et les liens que vous avez suivis. Ces informations sont utilis\u00e9es pour afficher des publicit\u00e9s pertinentes en fonction de vos centres d\u2019int\u00e9r\u00eats. Ils sont \u00e9galement utilis\u00e9s pour limiter le nombre d\u2019affichages d\u2019une m\u00eame publicit\u00e9 et pour aider \u00e0 mesurer l\u2019efficacit\u00e9 des campagnes publicitaires. Ces informations peuvent \u00e9ventuellement \u00eatre partag\u00e9es \u00a0avec \u00a0des tiers (les annonceurs par exemple).<\/p>\n<h2>Utilisation des cookies tiers<\/h2>\n<p>AAZ Chaume utilise les services de tiers pour conna\u00eetre votre utilisation du \u00a0site, ceci afin d\u2019optimiser votre exp\u00e9rience utilisateur et afficher des publicit\u00e9s. Ces tiers \u00a0( par exemple des r\u00e9seaux d\u2019annonceurs et des prestataires de services externes) peuvent \u00e9galement utiliser des cookies que nous ne ma\u00eetrisons pas.<\/p>\n<h2>Que faire si vous ne souhaitez pas activer les cookies ?<\/h2>\n<p>Vous pouvez param\u00e9trer votre navigateur internet<\/p>\n<p>Ces options de navigation relatives aux cookies se trouvent habituellement dans les menus \u00ab Options \u00bb, \u00ab Outils \u00bb ou \u00ab Pr\u00e9f\u00e9rences \u00bb du navigateur que vous utilisez pour acc\u00e9der \u00e0 ce site. Cependant, selon les diff\u00e9rents navigateurs existants, des moyens diff\u00e9rents peuvent \u00eatre utilis\u00e9s pour d\u00e9sactiver les cookies. Pour en savoir plus vous pouvez suivre les liens r\u00e9f\u00e9renc\u00e9s ci-dessous :<\/p>\n<ul>\n<li><a href=\"https:\/\/support.microsoft.com\/fr-fr\/help\/17442\/windows-internet-explorer-delete-manage-cookies\" target=\"_blank\" rel=\"noopener\">Microsoft Internet Explorer<\/a><\/li>\n<li><a href=\"https:\/\/support.google.com\/accounts\/answer\/61416?hl=fr&amp;comuto_cmkt=FR_CR_ALL_NEWT\" target=\"_blank\" rel=\"noopener\">Google Chrome<\/a><\/li>\n<li><a href=\"https:\/\/support.apple.com\/kb\/PH19214?locale=fr_FR&amp;viewlocale=fr_FR&amp;comuto_cmkt=FR_CR_ALL_NEWT\" target=\"_blank\" rel=\"noopener\">Safari<\/a><\/li>\n<li><a href=\"https:\/\/support.mozilla.org\/fr\/kb\/activer-desactiver-cookies-preferences?redirectlocale=fr&amp;comuto_cmkt=FR_CR_ALL_NEWT&amp;redirectslug=activer-desactiver-cookies\" target=\"_blank\" rel=\"noopener\">Firefox<\/a><\/li>\n<li><a href=\"http:\/\/help.opera.com\/Windows\/10.20\/fr\/cookies.html?comuto_cmkt=FR_CR_ALL_NEWT\" target=\"_blank\" rel=\"noopener\">Opera<\/a><\/li>\n<\/ul>\n<p>Veuillez noter que si vous refusez, depuis votre navigateur internet, l\u2019enregistrement de cookies sur votre terminal, vous serez toujours en mesure de naviguer sur le site, mais certaines parties et options pourraient ne pas fonctionner correctement.<\/p>\n<h2>Des questions concernant la Charte sur les Cookies de AAZ Chaume ?<\/h2>\n<p class=\"title-primary\">Si vous avez des questions concernant la Charte sur les Cookies de AAZ Chaume, n\u2019h\u00e9sitez pas \u00e0 nous contacter en utilisant le\u00a0<a href=\"http:\/\/aazchaume.com\/index.php\/formulaire-de-contact\/\">formulaire en ligne<\/a>.<\/p>\n","protected":false},"excerpt":{"rendered":"<p>AAZ Chaume utilise les cookies afin de vous proposer un service web am\u00e9lior\u00e9 et davantage personnalis\u00e9. \u00c0 travers cette Charte d\u2019utilisation des Cookies, nous vous pr\u00e9sentons comment et pourquoi nous utilisons des cookies sur ce site, en toute transparence. Qu\u2019est-ce qu\u2019un cookie et \u00e0 quoi sert-il ? Un cookie est un petit fichier texte enregistr\u00e9,&hellip; <br \/> <a class=\"read-more\" href=\"https:\/\/aazchaume.com\/index.php\/toits-en-chaume\/mentions\/politique\/cookies\/\">Read more<\/a><\/p>\n","protected":false},"author":1,"featured_media":0,"parent":98,"menu_order":0,"comment_status":"closed","ping_status":"closed","template":"","meta":{"footnotes":""},"class_list":["post-100","page","type-page","status-publish","hentry"],"_links":{"self":[{"href":"https:\/\/aazchaume.com\/index.php\/wp-json\/wp\/v2\/pages\/100","targetHints":{"allow":["GET"]}}],"collection":[{"href":"https:\/\/aazchaume.com\/index.php\/wp-json\/wp\/v2\/pages"}],"about":[{"href":"https:\/\/aazchaume.com\/index.php\/wp-json\/wp\/v2\/types\/page"}],"author":[{"embeddable":true,"href":"https:\/\/aazchaume.com\/index.php\/wp-json\/wp\/v2\/users\/1"}],"replies":[{"embeddable":true,"href":"https:\/\/aazchaume.com\/index.php\/wp-json\/wp\/v2\/comments?post=100"}],"version-history":[{"count":4,"href":"https:\/\/aazchaume.com\/index.php\/wp-json\/wp\/v2\/pages\/100\/revisions"}],"predecessor-version":[{"id":173,"href":"https:\/\/aazchaume.com\/index.php\/wp-json\/wp\/v2\/pages\/100\/revisions\/173"}],"up":[{"embeddable":true,"href":"https:\/\/aazchaume.com\/index.php\/wp-json\/wp\/v2\/pages\/98"}],"wp:attachment":[{"href":"https:\/\/aazchaume.com\/index.php\/wp-json\/wp\/v2\/media?parent=100"}],"curies":[{"name":"wp","href":"https:\/\/api.w.org\/{rel}","templated":true}]}}