{"id":225,"date":"2018-12-05T16:49:40","date_gmt":"2018-12-05T15:49:40","guid":{"rendered":"http:\/\/aazchaume.com\/?page_id=225"},"modified":"2018-12-07T12:42:13","modified_gmt":"2018-12-07T11:42:13","slug":"methode-hollandaise-repiquage","status":"publish","type":"page","link":"https:\/\/aazchaume.com\/index.php\/toits-en-chaume\/methode-hollandaise-repiquage\/","title":{"rendered":"M\u00e9thode Hollandaise &#8211; Repiquage"},"content":{"rendered":"<div  data-label=\"Gallery\" data-id=\"gallery--1\" data-export-id=\"gallery-1\" data-category=\"gallery\" class=\"gallery-1 content-section content-section-spacing\" id=\"gallery-1\" style=\"background-color: rgb(255, 255, 255);\"><div  class=\"\"> <div  class=\"row\"><div  class=\"section-title-col\" data-type=\"column\">  <p  class=\"lead\">Quand le roseaux est assez long et que les barres de fixations sont apparentes il est possible de r\u00e9parer int\u00e9gralement la toiture afin de lui donner l&rsquo;\u00e9paisseur d&rsquo;origine les avantages : co\u00fbt moindre pas de bachage <span style=\"font-weight: 700;\" >r\u00e9sultat identique au neuf<\/span><\/p><p  class=\"\">Cliquez sur les images ci-dessous pour voir un de nos chantiers avant, pendant et apr\u00e8s travaux de repiquage<\/p><\/div> <\/div> <div  class=\"row text-center\"> <div  class=\"col-xs-12\" data-editable=\"true\" data-content-shortcode=\"mesmerize_gallery id=&quot;mesmerize-gallery-1&quot; columns=&quot;3&quot; ids=&quot;246,245,244&quot; lb=&quot;1&quot; masonry=&quot;1&quot; size=&quot;large&quot; link=&quot;file&quot; \"><div id='mesmerize-gallery-1' class='gallery-wrapper'><style type=\"text\/css\">\n                    @media only screen and (min-width: 768px) {\n                    [data-unique-id='mesmerize-gallery-1-69e1df365f691'] dl {\n                        float: left;\n                        width: 33.333333333333% !important;\n                        max-width:  33.333333333333% !important;\n                        min-width:  33.333333333333% !important;\n                    }\n\n                    [data-unique-id='mesmerize-gallery-1-69e1df365f691'] dl:nth-of-type(3n +1 ) {\n                      clear: both;\n                      }\n                    }\n                <\/style><div id='mesmerize-gallery-1' class='mesmerize-gallery-1-dls-wrapper gallery-items-wrapper materialis-gallery' data-unique-id='mesmerize-gallery-1-69e1df365f691'><dl class='gallery-item'>\n\t\t\t<dt class='gallery-icon landscape'>\n\t\t\t\t<a data-fancybox=\"mesmerize-gallery-1-group\" href='https:\/\/aazchaume.com\/wp-content\/uploads\/2018\/12\/WP_20141117_005.jpg'><img loading=\"lazy\" decoding=\"async\"  width=\"1024\" height=\"575\" src=\"https:\/\/aazchaume.com\/wp-content\/uploads\/2018\/12\/WP_20141117_005-1024x575.jpg\"  class='mesmerize-gallery-1-image' alt=\"Toit avant repiquage\" srcset=\"https:\/\/aazchaume.com\/wp-content\/uploads\/2018\/12\/WP_20141117_005-1024x575.jpg 1024w, https:\/\/aazchaume.com\/wp-content\/uploads\/2018\/12\/WP_20141117_005-300x169.jpg 300w, https:\/\/aazchaume.com\/wp-content\/uploads\/2018\/12\/WP_20141117_005-768x431.jpg 768w, https:\/\/aazchaume.com\/wp-content\/uploads\/2018\/12\/WP_20141117_005-1920x1080.jpg 1920w\" sizes=\"auto, (max-width: 1024px) 100vw, 1024px\" \/><\/a>\n\t\t\t<\/dt><\/dl><dl class='gallery-item'>\n\t\t\t<dt class='gallery-icon landscape'>\n\t\t\t\t<a data-fancybox=\"mesmerize-gallery-1-group\" href='https:\/\/aazchaume.com\/wp-content\/uploads\/2018\/12\/V__3799.jpg'><img loading=\"lazy\" decoding=\"async\"  width=\"640\" height=\"480\" src=\"https:\/\/aazchaume.com\/wp-content\/uploads\/2018\/12\/V__3799.jpg\"  class='mesmerize-gallery-1-image' alt=\"Travaux de repiquage\" srcset=\"https:\/\/aazchaume.com\/wp-content\/uploads\/2018\/12\/V__3799.jpg 640w, https:\/\/aazchaume.com\/wp-content\/uploads\/2018\/12\/V__3799-300x225.jpg 300w\" sizes=\"auto, (max-width: 640px) 100vw, 640px\" \/><\/a>\n\t\t\t<\/dt><\/dl><dl class='gallery-item'>\n\t\t\t<dt class='gallery-icon landscape'>\n\t\t\t\t<a data-fancybox=\"mesmerize-gallery-1-group\" href='https:\/\/aazchaume.com\/wp-content\/uploads\/2018\/12\/15434371.jpeg'><img loading=\"lazy\" decoding=\"async\"  width=\"800\" height=\"449\" src=\"https:\/\/aazchaume.com\/wp-content\/uploads\/2018\/12\/15434371.jpeg\"  class='mesmerize-gallery-1-image' alt=\"Travail de repiquage fini\" srcset=\"https:\/\/aazchaume.com\/wp-content\/uploads\/2018\/12\/15434371.jpeg 800w, https:\/\/aazchaume.com\/wp-content\/uploads\/2018\/12\/15434371-300x168.jpeg 300w, https:\/\/aazchaume.com\/wp-content\/uploads\/2018\/12\/15434371-768x431.jpeg 768w\" sizes=\"auto, (max-width: 800px) 100vw, 800px\" \/><\/a>\n\t\t\t<\/dt><\/dl>\n\t\t<\/div>\n<script>(function($){window.MaterialisCaptionsGallery && window.MaterialisCaptionsGallery($('[data-unique-id=\"mesmerize-gallery-1-69e1df365f691\"]'))})(jQuery)<\/script><\/div><\/div><\/div> <\/div><\/div>","protected":false},"excerpt":{"rendered":"<p>Quand le roseaux est assez long et que les barres de fixations sont apparentes il est possible de r\u00e9parer int\u00e9gralement la toiture afin de lui donner l&rsquo;\u00e9paisseur d&rsquo;origine les avantages : co\u00fbt moindre pas de bachage r\u00e9sultat identique au neufCliquez sur les images ci-dessous pour voir un de nos chantiers avant, pendant et apr\u00e8s travaux&hellip; <br \/> <a class=\"read-more\" href=\"https:\/\/aazchaume.com\/index.php\/toits-en-chaume\/methode-hollandaise-repiquage\/\">Read more<\/a><\/p>\n","protected":false},"author":1,"featured_media":0,"parent":21,"menu_order":0,"comment_status":"closed","ping_status":"closed","template":"pro\/page-templates\/full-width-page.php","meta":{"footnotes":""},"class_list":["post-225","page","type-page","status-publish","hentry"],"_links":{"self":[{"href":"https:\/\/aazchaume.com\/index.php\/wp-json\/wp\/v2\/pages\/225","targetHints":{"allow":["GET"]}}],"collection":[{"href":"https:\/\/aazchaume.com\/index.php\/wp-json\/wp\/v2\/pages"}],"about":[{"href":"https:\/\/aazchaume.com\/index.php\/wp-json\/wp\/v2\/types\/page"}],"author":[{"embeddable":true,"href":"https:\/\/aazchaume.com\/index.php\/wp-json\/wp\/v2\/users\/1"}],"replies":[{"embeddable":true,"href":"https:\/\/aazchaume.com\/index.php\/wp-json\/wp\/v2\/comments?post=225"}],"version-history":[{"count":13,"href":"https:\/\/aazchaume.com\/index.php\/wp-json\/wp\/v2\/pages\/225\/revisions"}],"predecessor-version":[{"id":295,"href":"https:\/\/aazchaume.com\/index.php\/wp-json\/wp\/v2\/pages\/225\/revisions\/295"}],"up":[{"embeddable":true,"href":"https:\/\/aazchaume.com\/index.php\/wp-json\/wp\/v2\/pages\/21"}],"wp:attachment":[{"href":"https:\/\/aazchaume.com\/index.php\/wp-json\/wp\/v2\/media?parent=225"}],"curies":[{"name":"wp","href":"https:\/\/api.w.org\/{rel}","templated":true}]}}